 + a + 4 = 0. Suppose 0 = -a*r - 3*r + 105. What is the tens digit of r?
2
Let r be 15/(-3 + 4) + 1. What is the tens digit of (r + 1 + -2)*1?
1
Let c = 8 + -9. What is the tens digit of 19 - c - 0 - -1?
2
Let y be (-5)/10*1*-8. Suppose -2 = -z + 4*a, -5*z - a = -y*a + 41. Let x = -9 - z. What is the units digit of x?
1
Suppose 3*c - 12 = 27. Suppose -2*i = -3*z - 4 - 5, z + 8 = -i. Let u = c + i. What is the units digit of u?
0
Let s(d) = -d**3 - 5*d**2 + 5*d + 3. Let f be s(-5). Let v = f - -47. What is the units digit of v?
5
Suppose -2*i - 99 + 31 = 0. Let c = i - -75. What is the units digit of c?
1
Let z = 43 - -6. What is the units digit of z?
9
Let r(z) = 2*z + 6*z**2 + 8 + 4*z**3 - 3*z**3 + 3*z**2. Let d(u) = u**3 + 9*u**2 + 2*u + 7. Let y(l) = 5*d(l) - 6*r(l). What is the units digit of y(-9)?
5
Suppose 0 = -q + 3*q - 600. What is the units digit of q?
0
Let h(j) = -j**3 + 11*j**2 - 16*j - 17. What is the units digit of h(8)?
7
Suppose -f + 192 = f. What is the tens digit of f?
9
Let l(k) = -k**2 + 6*k + 4. Let a be l(6). Suppose -3*f = -2*j + f + a, 0 = f + 1. Suppose j = 2*p + 6, -3*t - 4*p + 3*p + 6 = 0. What is the units digit of t?
3
Let b = 142 - 78. Suppose -3*c - c + b = 5*k, k - c = 11. What is the tens digit of (-29)/(-2) - (-6)/k?
1
Let a(f) = 3*f + 9. What is the tens digit of a(6)?
2
Let s = 201 - 138. What is the tens digit of s?
6
Let t be (-6)/15 + 17/5. Let f(x) = 7*x - 3. What is the units digit of f(t)?
8
Let y = -2 - 5. What is the units digit of 5 - 2 - 21/y?
6
Let b(u) = u**2 - 2*u + 6. What is the units digit of b(7)?
1
What is the tens digit of (-1)/(-10) - (-15774)/60?
6
What is the units digit of 4/3*-4*(-354)/8?
6
Let h(r) = r**2 + 7*r - 2. Let u be h(-6). Let a = u + 20. What is the units digit of a?
2
Suppose 4*c + 5*h = 63, 2*c - 28 = -2*h + 6. Suppose 5*z - c = -2. Suppose -3*w + 4*g + 18 = 0, -2*g = z*w + g - 24. What is the units digit of w?
6
Suppose 3*h + 30 = 102. What is the tens digit of h?
2
Let l be 1*(-2 - (-6)/3). Let b(g) = g**2 + g + 3. Let z be b(l). Suppose d - 3 = z. What is the units digit of d?
6
Let g = 3 - 2. Suppose -3*y + 10 = g. Suppose 2*k - 3*l = 2, y*k = k - l + 2. What is the units digit of k?
1
Let d = -3 + 1. Let k be d - ((3 - 2) + -8). Suppose -35 = -3*v - k*f, 0 = 5*v - 4*f + f - 13. What is the units digit of v?
5
Let h(z) = 14*z + 20. What is the hundreds digit of h(19)?
2
Suppose 237 = t + 86. What is the tens digit of t?
5
Suppose -4*i + 420 = -0*i. Suppose 3*p = 3*z + i, -4*p + z + 140 = 3*z. What is the tens digit of p?
3
Suppose 3*k - r - 60 = 2*r, k = -4*r - 5. What is the tens digit of k?
1
Suppose -3*f - 2*x - 5 = 14, 4*f - 3*x + 31 = 0. Let m = 11 + f. What is the units digit of m?
4
Let g = -10 - -111. What is the hundreds digit of g?
1
Let v(f) = -3*f - 10. Let u be 4*12/16 + -7. What is the units digit of v(u)?
2
Let h(q) be the second derivative of -q**4/12 + q**3 + 5*q**2/2 + q. What is the tens digit of h(5)?
1
Let j = 5 - -22. What is the units digit of j?
7
Suppose 705 = -0*r + 5*r + 5*g, -r - 5*g = -149. What is the hundreds digit of r?
1
Let d = 41 - -10. Suppose -5*z - 1 = -d. What is the tens digit of z?
1
Let s = -55 - -107. What is the units digit of s?
2
Let z(d) = d. Let p(x) = -x + 9. Let c(i) = -p(i) + z(i). Let r be c(6). Suppose r*a = -3*f - 2*a, -5*f = -5*a - 40. What is the units digit of f?
5
Suppose 0 = o - 5*o - 144. Let d = 51 + o. What is the tens digit of d?
1
Suppose 25 = -5*u, -v - 2*u = -3 - 0. Suppose 4*d - 5 = -3*o, 5*d - 5*o - v = -2*o. Let j = 9 - d. What is the units digit of j?
7
Suppose 2*s - 100 = 3*j, -s = 2*s + 2*j - 163. What is the units digit of s?
3
Suppose -4*k - t = -11, -k - 5*t = 2*k - 4. Suppose 5*x - k*u + 51 - 311 = 0, 3*x + u = 156. What is the tens digit of x?
5
Suppose -34 = 3*t + 5*c, 3*t + 21 = 4*c - 49. Suppose 0*p + 528 = -3*p. What is the units digit of 4/18 + p/t?
0
Let p = -209 + 340. What is the hundreds digit of p?
1
Let a(o) = o**2 + 5*o + 5. Let s be a(-5). Suppose 0 = x + 4 - s. What is the units digit of x?
1
Suppose -30 + 0 = -5*q. Suppose 2*l + q - 28 = 0. What is the units digit of l?
1
Let r(y) = -3*y + 1. Let p = 1 - 4. What is the tens digit of r(p)?
1
Let i(x) = -7*x**2 - 3*x + 1. Let h be i(2). Let u be h/(-4) - (-1)/(-4). Suppose 3*o = o + u. What is the units digit of o?
4
Let a be 3/(0 - (-6)/(-4)). Let b = a + -2. Let z(h) = h**3 + 4*h**2 + 2. What is the units digit of z(b)?
2
Let a be 10/4*40/5. Suppose -s - 2*s = 2*f + 12, -3*f + a = -5*s. Let j(d) = -d + 8. What is the units digit of j(f)?
8
Suppose -19 = 2*g - 145. What is the tens digit of g?
6
Suppose -2*d + 13 = 3*r, -d + 5*r = -0*d. Suppose -d*x + 76 = -2*l, 0 = 6*x - x + 5*l - 55. Let o = x - 7. What is the units digit of o?
7
Suppose 6*w + 237 = 717. What is the tens digit of w?
8
Suppose -b = 4*h - 34, 4*b = -2*h + 4*h + 118. What is the tens digit of b?
3
Let w(z) = -z**2 - 10*z + 1. What is the tens digit of w(-6)?
2
Suppose 21 - 126 = -5*i. Suppose 2*n - i = -n. What is the units digit of n?
7
Suppose 0 = -7*f + 12*f - 280. What is the units digit of f?
6
Let j be 7/(-28) - 165/12. Let v = 41 + j. What is the tens digit of v?
2
Let m be (-585)/(-35) + (-2)/(-7). Suppose 5*t = 3*s - m, 5*t = -3*s + 4*t + 11. Suppose -s*u = 5*x - u - 1, -3*u - 9 = 0. What is the units digit of x?
2
Suppose 7*m - 4*m - 34 = -i, -5*m = -4*i + 68. What is the units digit of i?
2
Suppose -d + 3*f = 12, 5*f - 9 = 5*d + 11. Suppose d = 3*l + 37 - 127. Let i = -21 + l. What is the units digit of i?
9
Let j(u) = u**2 - 9*u - 7. Let n be j(8). Let c = n - -26. What is the tens digit of c?
1
Let q = 674 - 273. What is the hundreds digit of q?
4
Suppose 18*l = 10*l + 1864. What is the units digit of l?
3
What is the units digit of (5/2)/(35/(-12) - -3)?
0
Let w(r) = -r**2 + 8*r - 4. Let k = 2 - -5. Let p be w(k). Suppose -1 = 3*s - 2*o, s = p*o + 2 - 14. What is the units digit of s?
3
Let u = 58 - -31. What is the units digit of u?
9
Suppose 3*i + 2 = 4*h, 4*i = 3*h - 1 + 3. Let o(a) = a + 2 - 8 - 2*a**3 + 8*a**h + a**3. What is the units digit of o(8)?
2
Let j be (-7)/(-3) + 2/3. Let p(n) = -n + 4. What is the units digit of p(j)?
1
Let t(l) = -54*l - 1. Let m be t(1). What is the units digit of 3 + (-3 - m - -1)?
6
Let w be -1 + -147 + (-1 - 1). Let a = -38 + 14. What is the units digit of 2/(-8) + w/a?
6
Let n = 7 + -11. Let z = n + 6. Suppose -u - 4 = z*u - 5*x, -5*u - 2*x = -14. What is the units digit of u?
2
Let m(w) = -w**2 - 5*w - 1. Let b be m(-4). Suppose 5*y = -4*t, 2*t + b*y = -0*t. Suppose t*l = -l + 17. What is the units digit of l?
7
Suppose -5*h + 4*w = -10, -3*h - 2*w + 34 = h. What is the units digit of h?
6
Let k = -2 + 2. Suppose -3*d - 19 + 7 = k. Let x(c) = c + 6. What is the units digit of x(d)?
2
Let j(h) = h**2 + 10*h + 5. Let l be j(-10). Suppose l*x - f = 51, x - 6 - 2 = -2*f. What is the units digit of x?
0
Let l = -53 - -74. What is the units digit of l?
1
Suppose 2946 = 9*d - 393. What is the units digit of d?
1
Suppose 0 = 2*j - 0*j - 74. What is the units digit of j?
7
Let y = -8 - -8. Suppose 3*d + y*d = 0. Suppose -3*f - 2*f + 3 = -m, d = 4*m + 3*f - 57. What is the tens digit of m?
1
Suppose -450 = -3*q - 5*p, 3*q + 4*p - p - 456 = 0. What is the tens digit of q?
5
Suppose 3*n = -c - 3, 3*c + c = 5*n + 22. Let v(y) = -y**2 - 9*y - 8. Let f be v(-6). Let k = f - c. What is the units digit of k?
7
Let o = -7 - -11. Suppose -3*s = o*p - 48, 4*p - 2*p = 6. What is the tens digit of s?
1
Suppose 0 = 3*q - 15, 4*q - 3 = 2*u + 15. What is the units digit of u?
1
What is the hundreds digit of 1/(3/764) + (-6)/(-18)?
2
Let w = -3 - -15. Let a be (-21)/(-2)*8/w. What is the tens digit of 14/49 - (-96)/a?
1
Let r be 395/25 - 3/(-15). Let d = r - -23. What is the tens digit of d?
3
Suppose -2*s - 6 = -n, -3*n - 3*s = -2*n + 9. Suppose 5*c - 20 = n, -4*c + 140 = 4*b + 20. What is the units digit of b?
6
Let b be ((-5)/3)/((-1)/9). Let x = b - 7. Suppose -3*y + x*y - 10 = 0. What is the units digit of y?
2
Suppose 4*s - 18 = -x - x, 4*x - 2*s = 16. What is the units digit of x?
5
Suppose -d - 73 - 344 = 0. Let n be 2/(-6) - d/9. Suppose -5*j + n + 4 = 0. What is the units digit of j?
0
Let t(v) = 3*v + 6*v**3 + 1 + 0*v 